21
What is the highest common factor of 144 and 2844678?
6
What is the highest common factor of 14616 and 8363484?
1044
What is the greatest common divisor of 56 and 68443865?
7
Calculate the greatest common factor of 112386746 and 10055.
2011
Calculate the highest common divisor of 1886058 and 22406.
1318
Calculate the highest common factor of 50589553 and 164269.
5299
Calculate the greatest common factor of 15 and 11716670.
5
Calculate the greatest common divisor of 14 and 878420333.
7
What is the greatest common factor of 3300528 and 5687?
517
What is the greatest common factor of 1076625 and 2104443?
2871
Calculate the highest common factor of 5636321 and 878.
439
Calculate the greatest common factor of 24955 and 16761917.
713
What is the highest common divisor of 10218 and 527514?
78
What is the greatest common factor of 36504 and 1912?
8
What is the highest common factor of 1106 and 729253?
7
Calculate the highest common factor of 878 and 25950607.
439
What is the highest common factor of 29870 and 12935770?
1030
What is the highest common factor of 5005 and 12981045?
385
Calculate the highest common factor of 393217351 and 145.
29
What is the greatest common divisor of 65234944 and 8480?
1696
Calculate the greatest common divisor of 253 and 1761826.
11
Calculate the highest common divisor of 21280 and 15051040.
3040
Calculate the greatest common divisor of 313 and 1273368197.
313
What is the greatest common divisor of 18777 and 4545741?
1707
Calculate the greatest common factor of 1584230 and 43180.
170
What is the greatest common divisor of 503406635 and 46?
23
Calculate the greatest common divisor of 224881928 and 1964.
1964
What is the greatest common factor of 1446401333 and 24908?
6227
Calculate the highest common divisor of 25982340 and 89670.
1830
Calculate the highest common factor of 80408 and 4642992.
152
Calculate the highest common divisor of 1856 and 357952.
64
Calculate the highest common divisor of 133141 and 719971.
631
Calculate the greatest common divisor of 749 and 49861679.
749
What is the highest common factor of 14800082 and 2728?
682
Calculate the highest common divisor of 154 and 1382964.
22
What is the highest common divisor of 15841 and 2676983?
73
What is the greatest common divisor of 4930579 and 161?
23
Calculate the highest common divisor of 477 and 83231783.
53
Calculate the greatest common factor of 1386 and 3811654.
154
What is the highest common divisor of 1280 and 110752?
32
What is the greatest common factor of 156 and 1472028?
12
What is the highest common factor of 3614749 and 2?
1
What is the greatest common divisor of 1221192356 and 27663?
9221
Calculate the highest common factor of 841689 and 1845.
369
What is the highest common factor of 307384 and 1724045?
499
Calculate the highest common divisor of 291733 and 663.
13
Calculate the highest common factor of 35 and 228995.
5
Calculate the greatest common factor of 100 and 159924.
4
What is the greatest common divisor of 1534700 and 8446?
206
Calculate the highest common divisor of 104900 and 19100.
100
What is the greatest common divisor of 204178 and 1170?
26
What is the greatest common factor of 2255 and 11130065?
205
Calculate the highest common divisor of 377 and 127902905.
377
Calculate the highest common factor of 739189305 and 15.
15
Calculate the highest common factor of 136 and 2729758.
34
What is the highest common divisor of 2512 and 94568?
8
Calculate the highest common divisor of 6393576 and 156940.
532
Calculate the greatest common factor of 63845 and 114130.
565
What is the highest common factor of 93 and 663141?
3
Calculate the greatest common factor of 10434 and 14286.
6
Calculate the greatest common divisor of 256 and 14107.
1
What is the highest common factor of 88 and 98?
2
What is the greatest common factor of 59535 and 1716813?
441
What is the highest common factor of 656 and 14914857?
41
What is the greatest common factor of 159392 and 83912?
136
Calculate the greatest common divisor of 555520 and 74560.
320
What is the greatest common factor of 260 and 66792440?
260
What is the highest common divisor of 876 and 102361038?
438
What is the highest common divisor of 297093 and 37575?
501
Calculate the highest common divisor of 425 and 76969540.
85
What is the greatest common divisor of 55835816 and 24?
8
What is the greatest common factor of 5921763 and 4199?
17
Calculate the highest common factor of 317854045 and 365.
365
What is the greatest common factor of 1335360 and 18939?
321
What is the highest common factor of 15390 and 508194?
162
What is the highest common divisor of 11438913 and 42?
3
Calculate the greatest common divisor of 55 and 42992785.
55
What is the greatest common factor of 132 and 2240371276?
44
What is the highest common divisor of 12085995 and 14820?
285
Calculate the greatest common divisor of 135947625 and 6875.
1375
What is the highest common divisor of 74892 and 132?
12
Calculate the greatest common divisor of 150516 and 654604.
148
What is the greatest common divisor of 540 and 128622843?
27
Calculate the highest common factor of 44964 and 119870277.
3747
Calculate the greatest common divisor of 1036 and 6161388.
148
What is the greatest common factor of 86247790 and 1660?
830
What is the greatest common factor of 274134 and 7939638?
2562
What is the highest common factor of 8085 and 15584415?
1155
What is the highest common divisor of 7927252 and 16?
4
Calculate the greatest common divisor of 1035522 and 88.
2
What is the greatest common factor of 131075790 and 150?
30
Calculate the highest common divisor of 526724 and 220.
44
What is the greatest common factor of 20884084 and 260?
52
What is the highest common divisor of 11559440 and 4192?
2096
What is the greatest common divisor of 209 and 1391731?
209
Calculate the greatest common divisor of 19133 and 191105439.
1007
What is the greatest common factor of 10843 and 17145881?
1549
What is the highest common divisor of 314271055 and 10?
5
What is the highest common factor of 527 and 93775?
31
Calculate the greatest common divisor of 47336394 and 6972.
3486
Calculate the greatest common factor of 184 and 9660299.
23
What is the highest common divisor of 123935552 and 3848?
104
Calculate the highest common divisor of 90021919 and 76024.
9503
What is the greatest common factor of 1348 and 13844?
4
What is the highest common divisor of 13403083 and 13133?
571
What is the greatest common divisor of 1455 and 313340943?
291
What is the highest common divisor of 7804050 and 6?
6
What is the greatest common divisor of 17 and 218422919?
17
What is the greatest common factor of 182 and 65408?
14
What is the highest common divisor of 255 and 2530773?
51
What is the highest common factor of 96404084 and 994?
994
Calculate the highest common factor of 1395436 and 14706.
1634
What is the greatest common divisor of 3659264 and 21280?
224
Calculate the highest common factor of 116535 and 17833.
17
What is the highest common divisor of 56 and 7078498?
14
What is the greatest common factor of 166541285 and 6315?
2105
What is the highest common divisor of 1011060 and 1008?
36
Calculate the greatest common factor of 96 and 16887561.
3
Calculate the greatest common factor of 307 and 1303504808.
307
Calculate the highest common factor of 9435 and 1011585.
255
What is the greatest common divisor of 1060783 and 92?
23
Calculate the highest common factor of 38763 and 33680740.
4307
Calculate the greatest common divisor of 2032656 and 4654974.
4794
Calculate the highest common divisor of 98143 and 696.
1
What is the highest common divisor of 137592 and 11153376?
2808
What is the greatest common factor of 13090 and 57970?
1870
What is the greatest common divisor of 1649178873 and 27?
27
What is the highest common divisor of 18195622 and 602?
86
Calculate the greatest common divisor of 92380 and 795460.
620
Calculate the highest common divisor of 296 and 227069.
37
Calculate the greatest common factor of 1578248 and 1624.
56
Calculate the highest common divisor of 952 and 564961.
17
What is the highest common divisor of 2000 and 35038160?
80
Calculate the greatest common factor of 1380836 and 375948.
236
Calculate the highest common factor of 2908 and 31412943.
727
What 